uppose -4*i + 8211 = -3*h + l, -4*h + 6096 = 4*i. What are the prime factors of i?
7, 31
Let o(x) = -2*x**3 + 3*x**2 + 48. Let f(l) = -2*l**3 + 2*l**2 + 49. Let c(r) = 4*f(r) - 3*o(r). Suppose 59*m = 53*m. List the prime factors of c(m).
2, 13
What are the prime factors of ((-231 - 16)/13)/(4/(-2164))?
19, 541
Let n(w) = -w**3 + 14*w**2 - 18*w + 54. Let m be n(6). Suppose -5*c = o - m, 19 = o - 5*c - 245. What are the prime factors of o?
3, 83
Suppose 0 = -3*b + 8*b, -h + 3*b = -452. Suppose 4*w = 6*w - h. List the prime factors of w.
2, 113
Suppose -28*d + 16*d = -852. Suppose -k - 68 + d = 0. What are the prime factors of (2 - 0) + (-169 - k)/(-2)?
2, 11
Let v = -55 - -229. Suppose -4*k = -3*g + 401, -2*g + v = 5*k - 124. What are the prime factors of g?
139
Let h = -49775 + 110696. What are the prime factors of h?
3, 7, 967
Let h(r) = 116*r**2 - 94*r + 779. What are the prime factors of h(7)?
3, 5, 43
Suppose 960*z - 1025*z + 11440 = 0. List the prime factors of z.
2, 11
Suppose -3*h + 25 = 2*h. Suppose -2*n + 5*n = 2*p + 2, -4*n + 18 = h*p. Suppose -p*g + 0 - 2 = 0, -s + 27 = -5*g. What are the prime factors of s?
2, 11
Let m be 251 - (1/(-2))/(2/(-12)). Suppose -i = 3*q - 1377, -2*q = -5*i + m - 1166. List the prime factors of q.
3, 17
Let o(w) = 2 - 11*w - 8 - w**2 + 0. Let y be o(-10). Suppose 2*h + 4*a = 94, h + 208 = 5*h + y*a. List the prime factors of h.
3, 19
Let b = -9346 - -17476. What are the prime factors of b?
2, 3, 5, 271
What are the prime factors of (20/(-5) - -6969) + 120/(-20)?
6959
Suppose -27*a = 5*k - 29*a - 17861, -k + 3569 = -2*a. List the prime factors of k.
3, 397
Let w be 192/10 + (0 - 4/20). Suppose 16*r - w*r + 54 = 0. Let x = 56 - r. What are the prime factors of x?
2, 19
List the prime factors of 756524/9 + (-1570)/(-1413)*(-2)/10.
2, 13, 53, 61
Suppose -3*t - t - 4*w = -49012, -2*w = -5*t + 61300. List the prime factors of t.
2, 3, 227
Let t(c) = -5*c + 140. Let r be t(27). Suppose 0 = -4*i + s + 231, 5*i - r*s - 83 = 187. List the prime factors of i.
59
Suppose 60*q - 51475 - 32405 = 0. What are the prime factors of q?
2, 3, 233
Suppose -3*f = 3*r - 3549, -3525 = -2*f - f + 5*r. Suppose 4*z + 16*n - 934 = 17*n, -5*n = 5*z - f. List the prime factors of z.
2, 3, 13
Let o(x) = 135*x - 20. Let s be o(3). List the prime factors of 4/(-22) + 272650/s.
2, 3, 59
Let p = 414 + -182. Let r = 2307 - 2204. Let y = p - r. What are the prime factors of y?
3, 43
Let z(o) = -113*o - 46. Let r be (-2)/(-4) - (-114)/(-12). List the prime factors of z(r).
971
Let b(w) = -w**2 + 404*w - 4853. What are the prime factors of b(112)?
27851
Let y(q) = 8*q - 350. Let d be y(45). List the prime factors of 2/d + (-533)/(-65)*159.
2, 163
Suppose 0 = -7*w + 2*w - 360. Let k = -86 - w. List the prime factors of 12/42 + 0 - 1620/k.
2, 29
Suppose -20*r - 5 = -21*r. Suppose -r*m - 11 = 69. Let x(s) = -3*s - 29. List the prime factors of x(m).
19
List the prime factors of ((-7)/3 + -1)*(19188/(-20) + -3).
2, 401
Suppose 4*s - 3*m = 524, -18*m - 262 = -2*s - 15*m. What are the prime factors of s?
131
Let q(x) = x**3 - 6*x**2 - 10*x + 14. Let n be q(6). Let w = 51 + n. Let d(u) = 9*u + 7. List the prime factors of d(w).
2, 13
Suppose -4*z = y - 45, z = 28*y - 26*y. Let j(b) = -b**3 + 24*b**2 + 13*b - 65. List the prime factors of j(z).
5, 293
Suppose -105*c - 33904 = -109*c - 4*d, 4*d - 16970 = -2*c. What are the prime factors of c?
8467
Suppose 4270056 + 2542870 + 1174694 = 255*k. What are the prime factors of k?
2, 41, 191
Suppose -2*y - 5*m + 16366 = -3*m, -6*m = -3*y + 24549. List the prime factors of y.
7, 167
Let l(i) = 84*i**2 - 5*i - 9. Let f be l(-3). Let g = 1326 - f. List the prime factors of -1 + 12/16 - g/(-16).
5, 7
Suppose -9*u + 1750 = -815. Suppose u*o = 296*o - 13321. List the prime factors of o.
7, 173
Let f(w) be the first derivative of -3*w**2 + 2*w - 18. Let s be f(3). Let z(u) = u**3 + 18*u**2 + 21*u - 13. List the prime factors of z(s).
163
Let j(q) = 4*q**2 + 1968*q - 2. What are the prime factors of j(15)?
2, 67, 227
Suppose 4*r = -3*p + 19, 0*r + 2*r - 9 = -p. Let j be (-6)/((-3 + p)/(-2)). List the prime factors of ((-13)/(-2) + j)*10*6.
2, 3, 5
Let c(t) be the first derivative of t**4/4 + 13*t**3/3 + 4*t**2 + 27*t - 19. Let i be 63/(-5) + (-9)/(-15). List the prime factors of c(i).
3, 5
Suppose 490550 = 34*r - 170308. List the prime factors of r.
3, 11, 19, 31
List the prime factors of (-3 + -35*(-10)/150)*-31962.
2, 7, 761
What are the prime factors of (2277606/95)/((-12)/(-30))?
3, 19979
Suppose -104*v = -96*v - 104. Suppose 10*b = u + v*b - 129, 0 = 2*u + 5*b - 263. What are the prime factors of u?
2, 3
Suppose -4*m = -526*y + 531*y - 89391, 0 = -y + 3. List the prime factors of m.
2, 3, 7, 19
Suppose 68*t + 232*t = -5*t + 1888560. What are the prime factors of t?
2, 3, 43
Suppose 0 = -5*z + 10*y - 12*y + 55031, -z = 5*y - 11020. What are the prime factors of z?
5, 31, 71
Let w = 493 + -348. Suppose 4*j + 3*t = -2*t + 388, j - 3*t = 97. Let d = w - j. List the prime factors of d.
2, 3
Let n be (4 - 5)/(-4 - -2 - -3). Let r be ((0 + 2)*n)/(4/(-30)). Let z = 56 - r. List the prime factors of z.
41
Let r be -1*(-4 + (7 - 1)). Let g = r - -9. Suppose 522 = g*q - 17. List the prime factors of q.
7, 11
Suppose -s - 10 = -2*d, 2*s - 9 = -2*d + 1. Let c(b) = 21*b**2 + 7*b - 6. List the prime factors of c(d).
2, 277
Let j be ((-1)/((-3)/(-6)))/(3/174). Suppose 5*s + 2*y - 1044 = 0, -2*s + 6*y + 435 = y. Let t = j + s. What are the prime factors of t?
2, 47
Let n = -5 + -29. Let i = n - -38. Suppose -112 = -i*k + 5*q, -4*q - 88 = -4*k - 5*q. What are the prime factors of k?
23
Suppose 4*i - 6*i + 147909 = 5*o, 3*o = 3*i + 88716. List the prime factors of o.
11, 2689
Let t = 1047 - -274. Suppose 4755 + t = 7*j. Suppose 8*p - j = p. List the prime factors of p.
2, 31
Suppose 5*h = -17*h + 11286. Suppose -26*l - h + 9457 = 0. What are the prime factors of l?
2, 43
Suppose -29*j + 181714 + 302006 = 0. List the prime factors of j.
2, 3, 5, 139
List the prime factors of (1*-2)/(-4)*(-477 - -471) - -27004.
13, 31, 67
Let t = 55 - 50. Suppose 3*z = t*z + 2*k - 598, -2*z + 592 = -k. List the prime factors of z.
3, 11
Let m(a) = -a**2 + 17*a + 21. Let p be m(29). Let n = -204 - p. List the prime factors of n.
3, 41
Suppose 5*a - 3*g - 2619 = 0, 20*a - 16*a - 5*g - 2103 = 0. List the prime factors of 5 + (a - 7) + -3 + 1.
2, 7, 37
Let b = -4 - 8. Let y be -4 - 56/b - (-48)/9. Suppose -15*l = -y*l - 1926. List the prime factors of l.
2, 107
Suppose 2*j + 2*a = 6310, j = -4*a + 907 + 2263. List the prime factors of j.
2, 3, 5, 7
Let j(b) = b**3 - 44*b**2 - 281*b - 6. What are the prime factors of j(52)?
2, 3, 7, 167
Suppose -3937 = -h + 2*j, 19645 = -60*h + 65*h - 5*j. What are the prime factors of h?
3, 1307
Let n be (96/(-6))/(-1 - 1). Suppose 0 = -n*s - 15 + 71. Let l(k) = -k**3 + 11*k**2 - 10*k + 2. List the prime factors of l(s).
2
What are the prime factors of 13/((-546)/(-167216))*3?
2, 1493
Let f = 96 - 92. Suppose 0 = g - f*g. Let b(j) = -j**3 + j**2 + j + 75. What are the prime factors of b(g)?
3, 5
Let c(f) = 6*f**3 + 3*f**2 - 3*f. Let y be (-2)/5*45/(-6)*4. Let m(k) = -k**3 + 11*k**2 + 11*k + 14. Let o be m(y). List the prime factors of c(o).
2, 3
Suppose -u = -0*u + 3*a - 16902, 0*a = -5*a. What are the prime factors of u?
2, 3, 313
Suppose -3*h = 3*o + 12, -2*h - 4 = -o - h. Suppose w + 4*g - 121 = o, -4*w + 4*g + 464 = -0*w. What are the prime factors of w?
3, 13
What are the prime factors of ((-4)/(-2))/(2/19002*24/28)?
7, 3167
Suppose 2*o = -7 - 3, -5*c + 470 = o. What are the prime factors of (-2058)/(-10) + (-76)/c?
5, 41
Let a(p) be the first derivative of 10*p**3/3 - 10*p**2 - 16*p + 1. Let v be a(7). List the prime factors of (7/((-14)/v))/(0 - 1).
167
Let r = -357 - -359. Suppose 2*b - 3*q - 1172 = 0, 3*b - 8*b + r*q + 2941 = 0. List the prime factors of b.
19, 31
Let z(l) = l**2 + 9*l + 1. Let o be z(-8). Let c(m) = -m**2 - 8*m - 2. Let g be c(o). Let q = 14 - g. What are the prime factors of q?
3
Let l(p) = 1250*p + 453. What are the prime factors of l(7)?
9203
Suppose 13 = 4*z + 5*b, 4*z + 6 = 6*z + 2*b. Let s be (1/(-3))/(z/(-18)*1). Suppose -111 = s*u - 420. List the prime factors of u.
103
Let g(a) = 